 - -1)).
-4
-5 + -1 - 3 - -4
-5
Evaluate 3 + -4 + -1 + 2 - -2.
2
What is 6 + 1 + -1 + 2 + -3?
5
2 - (-9 + (16 - 10))
5
Calculate 2 + 0 + -2 - (-9 - -5).
4
What is 2 - (-10 - (-6 + 0))?
6
Calculate 5 + -5 + 1 + 1.
2
What is 4 + (-1 + 3 - 8)?
-2
What is -9 + (4 - -9) + -2?
2
What is 2 - 2 - (-2 + 7)?
-5
Calculate (1 - (5 - 5)) + (-11 - -4).
-6
(-1 - -4 - 2 - -3) + -5
-1
What is the value of -4 + (31 + -27 - (-1 - 0))?
1
What is 0 - 8 - (-55 - -53)?
-6
Evaluate 7 - (-4 - -10) - -3.
4
What is the value of 14 + 1 + -15 + -5?
-5
17 - (12 - 3) - (1 - -2)
5
Evaluate 5 + 2 + -7 - 5.
-5
-6 - ((-4 - -7) + -16)
7
What is (-6 - (7 - 24)) + -17?
-6
What is the value of 0 - (-3 - (1 - 2 - -1))?
3
What is the value of 135 + -131 - (1 + (-1 - -1))?
3
1 - (4 + 6 + -9)
0
Evaluate 4 + 0 - (0 + 1).
3
What is 1 - 6 - (15 + -18)?
-2
Evaluate (0 - -1) + (-10 - -9).
0
-5 - (3 + (-3 - -1) - 2)
-4
Calculate (2 - 1) + (0 - (3 + -3)).
1
(1 - -2 - (9 - 9)) + -4
-1
Calculate 1 - (6 + -3 + -5).
3
2 + -8 + 6 + -1 + 1
0
Evaluate 12 + -2 + (19 - 23).
6
What is 3 + -6 - (-15 + 15)?
-3
3 - (-5 - -10) - -4
2
What is the value of 1 + (-2 - (0 + -6 + 3))?
2
-9 + (-6 - -3) + 8
-4
What is the value of (4 - 2) + 11 + -8?
5
(3 - 4) + (5 - 3) + -3
-2
What is 5 + -10 - 6 - -9?
-2
Calculate -4 + 2 + 3 + -6.
-5
-1 + (-5 + 4 - -5)
3
-10 - (-12 - (-9 - -4))
-3
-18 + 16 + (2 - 0) + 2
2
What is -6 + 1 + 0 - -9?
4
Evaluate -9 + 0 + 12 + -4.
-1
What is the value of 2 + 2 + -12 - -3?
-5
-3 - 0 - ((1 - 2) + -1)
-1
What is -1 - -3 - (7 - 7)?
2
0 + 0 - (143 + -143)
0
What is the value of 4 - ((2 - -8) + -6)?
0
What is the value of 2 + 1 + -3 + -3 + 8?
5
What is the value of (1 - 2) + 1 + 5?
5
What is the value of -2 + 3 + -3 + 2?
0
What is the value of (-11 - -1 - -5) + 3?
-2
9 + (2 - 9 - 0)
2
Evaluate -1 - (-7 + 5 - 0 - -4).
-3
Calculate (14 - 5) + -17 + 8.
0
What is the value of (-21 - (-15 + 2)) + 1 + 3?
-4
Calculate (0 - -2) + 2 + -1.
3
What is (-6 - -6) + -1 + 5?
4
What is 2 + -13 - (-117 - -104)?
2
Evaluate (36 - 40) + (-2 - 1) + -1.
-8
Calculate -3 - (2 + -5) - (1 - -1).
-2
Evaluate -5 - ((0 - -3) + (-5 - -1)).
-4
What is the value of 7 - 1 - ((13 - -1) + -5)?
-3
Evaluate 1 + 0 + -2 + -3.
-4
What is the value of -2 + (7 - 4) + 0?
1
Evaluate (1 - -14) + (97 - 104).
8
Calculate (9 - 1) + (9 - 14).
3
Evaluate (-3 - -1) + 3 - -4.
5
Calculate -4 + 10 - (-3 - -4).
5
4 + (-5 - -2) - 0
1
Evaluate -1 + 2 + 3 - -3 - 3.
4
Calculate 6 + 2 + (-10 - -14 - 14).
-2
1 - -7 - 10 - -7
5
What is 10 + (-14 - (-2 - 3)) + 7?
8
Evaluate -4 - (-4 - -5 - 6) - -3.
4
Evaluate 13 - (-9 - -17) - 4.
1
Calculate -4 - (2 - (11 + 0)) - 1.
4
Calculate 4 + -4 + (2 - -2).
4
What is the value of (1 - -1) + (0 - 5) + 5?
2
Evaluate -4 - ((-2 - -2) + -1 - 2).
-1
What is 6 + 0 + 1 + -5 + 2?
4
What is the value of 0 + -3 - (-4 + 3 + 1)?
-3
What is -3 + (2 + 2 - -2)?
3
What is 4 + (-6 - (-12 + 6 + 5))?
-1
Evaluate (0 + 0 - (1 - 5)) + -3.
1
(-2 - -4) + -8 + 3
-3
Evaluate (1 - 2) + 1 - (4 + -4).
0
Evaluate 2 - ((3 - 1) + 9 + -9).
0
What is the value of (-45 - -52) + 1 + -11?
-3
Calculate 12 + (2 + -9 - (-1 + -3)).
9
Evaluate -8 + 5 + 1 + 3.
1
-4 - -5 - 1 - 2
-2
What is 4 + (-2 - (1 + -5))?
6
What is -3 + -1 - (4 + -4)?
-4
What is -6 + -3 + 0 + 5?
-4
What is -2 - 1 - (3 - 3 - 8)?
5
What is the value of (-11 - -14) + 0 + 0?
3
-7 - ((-16 - 0) + (6 - -1))
2
What is the value of -13 + 22 - 3 - 9?
-3
What is the value of 12 + (-5 + 11 - 16)?
2
What is 0 + 0 + (-1 - 6) + 2?
-5
What is -5 - -2 - (-7 - (4 + -6))?
2
What is the value of (-8 - 8) + 6 - -14?
4
What is 9 - 10 - (1 - 1 - 2)?
1
(1 - (-1 + -1 + 1)) + -2
0
Evaluate 26 + -25 - (-4 + 1).
4
Calculate -1 - (-10 + 1) - 8.
0
Evaluate -20 + 24 + (-4 - 0) - 2.
-2
Evaluate -7 + 0 - (40 + -52).
5
(1 + -4 - 0) + 0 + -2
-5
What is (4 - -4 - 8) + 1 + -6?
-5
Evaluate (-33 - -41) + (-2 - 2).
4
What is -5 + -3 + -4 - -7?
-5
Evaluate -18 - -23 - (-2 - (-3 + 1)).
5
12 + 3 + 0 - 11
4
What is the value of 4 - 6 - 6 - -1?
-7
Evaluate (8 - 4) + 1 + -2.
3
What is (-4 - -4 - 5) + (4 - 4)?
-5
Evaluate 7 + 0 - (5 - (1 - -1)).
4
6 + -8 + 14 - 3
9
What is 2 + -1 + (111 - 123)?
-11
Evaluate -4 + (1 - -1) - -5.
3
What is the value of -11 - -9 - (1 + 0)?
-3
3 + 2 + -8 - -7
4
What is the value of -1 + (14 - 9) - (2 - 0)?
2
What is the value of (-19 - -17) + (1 - 2)?
-3
-6 + 13 - (7 + -2 - 2)
4
Calculate 0 + -10 + (-3 - -9).
-4
Calculate 4 - (2 - (-6 + 1)).
-3
Evaluate -4 + (0 - (3 + -4 + 0)).
-3
What is -8 + 14 + (-7 - -1)?
0
0 - 7 - (-7 + 3)
-3
-1 + -1 - -6 - 2
2
Calculate -35 + 25 + (11 - 1).
0
(7 - 11) + 13 + -15
-6
What is the value of -7 - (-7 - 4) - (-1 - 1)?
6
What is -1 + (-6 - 0) + 1?
-6
What is (-1 - 0) + (23 - 33)?
-11
What is the value of -35 + 25 - (0 + -9)?
-1
Calculate 4 + -3 + 0 + 0.
1
1 + (-2 - 3) + 3 - -3
2
Calculate (3 - 2) + (4 - 3).
2
(-5 - 0) + -3 + 7
-1
-1 - (0 + 2 + 1)
-4
(0 - 7) + 18 + -5
6
(-4 - -2 - -2 - -3) + -4
-1
(-3 - -1) + (0 + -2 - -10)
6
Evaluate -1 + 7 - (-18 + 22).
2
Evaluate -6 - ((3 - 6) + 4 - 2).
-5
Calculate -2 + -2 + 1 - 1.
-4
Evaluate (2 - 4) + 5 + (-10 - -4).
-3
What is -5 + (2 - 0) + 1?
-2
What is (9 - 9) + -5 - -10?
5
What is -1 + (-23 + 7 - -10)?
-7
Evaluate -7 + 10 + 2 + 0 + -1.
4
What is the value of -2 - (-2 + -4) - 1?
3
What is (-9 - 7) + 9 - -5?
-2
What is the value of -5 + 1 + 6 + 0?
2
What is 11 + -11 - (2 - 5)?
3
Calculate -3 - (0 - -1) - 0 - -5.
1
Evaluate 8 + (-1 - 14 - -7).
0
What is the value of 0 + (3 - -2) + (5 - 3)?
7
What is the value of 6 + -1 + -2 - -2?
5
3 + -2 - (-3 + -7 + 10)
1
(-12 - (-5 + 5)) + 11
-1
Calculate 4 - (2 - -4 - -3).
-5
Evaluate -6 - (-3 - (4 + -4)).
-3
(2 - 0) + (-1 - (-6 - -13))
-6
3 + -3 + 6 + -2 + 0
4
What is the value of 1 + (0 - (-2 - (-2 - 1)))?
0
What is the value of (-4 - 1) + 4 + 3?
2
(-238 - -238) + 0 + 0
0
-4 + (7 - 2) + 2
3
What is the value of 2 + -2 + 2 + (2 - 3)?
1
What is (-5 - -2 - (0 + -1)) + 6?
4
What is 2 + (-11 + 14 - (4 + 0))?
1
Evaluate 7 + -2 - (5 + 3) - -8.
5
Evaluate -28 + 6 - -9 - -6.
-7
What is 6 + -1 + (-6 - (-9 - -7))?
1
5 + -11 + 7 - (-2 - 1)
4
What is 0 - -1 - 1 - (-4 + 7)?
-3
7 + -1 + -1 + (-4 - 1)
0
What is the value of 2 - ((-24 - -23) + -1 + 5)?
-1
Calculate (2 + -8 - 3) + (5 - 1).
-5
Evaluate 7 + (-9 - (-18 - -13)).
3
What is (-5 + 9 - (-1 + 0)) + -6?
-1
Calculate 8 - (-3 + -5 + 9).
7
1 + -1 + 9 + (1 - 3)
7
What is -3 - (1 - ((0 - -1) + -1))?
-4
What is 4 + -11 - (0 - -10 - 10)?
-7
Calculate -3 + 2 - -3 - 7.
-5
1 + 3 - 1 - (-7 - -13)
-3
What is 2 + 1 - ((-3 - 2) + 9)?
-1
Evaluate 0 + 2 + -1 + -94 + 101.
8
What is the value of 6 - (9 - 3) - (4 + -1)?
-3
What is 1 - (2 - (1 + -2 - -5))?
3
What is (-10 + 12 - 1) + 0?
1
Evaluate 0 + 2 - (5 - 2).
-1
Evaluate (-5 - -3) + 4 + (-7 - -1).
-4
Evaluate 4 + -10 + 6 + 0.
0
What is (10 + 1 - (-48 + 55)) + -9?
-5
Evaluate 7 + (-3 + 3 - 4) + -7.
-4
Calculate 28 - (13 - 3) - 10.
8
What is the value of (2 - 4) + 2 + -2?
-2
-4 - ((2 + -10 - -4) + -4)
4
Calculate 2 + (-1 - -3) + 2 + -1.
5
What is (-13 + 6 - -3) + 2?
-2
(-2 - -2) + (1 - -4 - -1)
6
What is the value of 7 - (1 - (3 + -6) - 1)?
4
What is 0 + 2 + (-2 - 0) - -3?
3
Calculate (13 - 5) + -5 + -3 - -6.
6
1 - (-1 + 2 + -2 + 7)
-5
2 + 1 - (2 - -1) - -1
1
Calculate -18 + 4 + 9 - (-4 + -3).
2
-2 + -1 - (1 + -7)
3
What is the value of (-4 - -4 - 3) + 1?
-2
Evaluate 0 + 6 + -4 - 5.
-3
What is (3 - 2) + -2 + 15 + -7?
7
Evaluate 8 + -4 + -2 + 3.
5
What is -2 - (-4 + (6 - 5 - 0))?
1
What is the value of 3 - (2 - 1 - -1) - -4?
5
Evaluate -3 + (6 - -5) + -12.
-4
What is -2 - (1 - (-5 + (-6 - -14)))?
0
What is (1 - 2 - -2) + (-9 - -5)?
-3
Calculate 2 + -9 + (-3 - (-2 - 3)).
-5
What is the value of 1 - (15 - (1 + (0 - -7)))?
-6
Calculate 5 + (-7 - (-2 + -2)).
2
Evaluate -5 + -2 + -1 + 3.
-5
Evaluate (4 - 8) + 6 + -2.
0
Calculate 6 + (-5 - 2) + -4.
-5
What is the value of -5 + (3 - 6) + 5?
-3
(1 - -1) + 4 + -11 + 3
-2
What is -5 - ((-3 - (2 - 3)) + -4)?
1
Calculate (7 - 7) + (-6 - -1) - 1.
-6
What is -1 + 5 - (0 - -2)?
2
What is 6 - 3 - (-3 - (-6 + -1))?
-1
What is (15 - 4) + 2 + -9?
4
(12 - 7 - 0) + -3 + -8
-6
Calculate (-8 - (-7 - 5)) + -10 + -1.
-7
Evaluate -9 + 6 - (2 - 11).
6
(-28 - -26) + 0 + (-2 - -1)
-3
(3 - 4) + (1 - -3)
3
5 - 0 - (-3 + 2 - -3)
3
-4 - (-3 + (5 - 2))
-4
4 + -4 + (-1 - 2)
-3
Evaluate 2 + 0 + 2 + 11 + 